0?
2320
In base 2, what is -1111001010 + -10001111?
-10001011001
In base 3, what is 21120 - 102002?
-10112
In base 12, what is -2a95 - 1?
-2a96
In base 6, what is 120 + 14152?
14312
In base 9, what is 51204 + -5?
51188
In base 6, what is 255133 + 5?
255142
In base 14, what is -5 - 1da7?
-1dac
In base 10, what is 271 + -5108?
-4837
In base 7, what is -150 + -5266?
-5446
In base 8, what is 454302 - 13?
454267
In base 8, what is 1520 - 2?
1516
In base 4, what is -303103 - 20?
-303123
In base 10, what is 148872 + 1?
148873
In base 10, what is 113856 + -5?
113851
In base 10, what is -46936 - -7?
-46929
In base 11, what is 45436 - 4?
45432
In base 9, what is -187 - 21?
-218
In base 7, what is -2463 + 1?
-2462
In base 3, what is 10122 + -2022010?
-2011111
In base 14, what is -344316 - 1?
-344317
In base 10, what is 81 - 7707?
-7626
In base 8, what is 50050 + -3?
50045
In base 14, what is 269 - 4b8?
-24d
In base 5, what is -1 - 124301220?
-124301221
In base 12, what is 1b + -b90?
-b71
In base 4, what is -102 + -102001003?
-102001111
In base 5, what is 13 - 1014?
-1001
In base 11, what is 53 - 184?
-131
In base 13, what is -5 - 2b9142?
-2b9147
In base 10, what is -371 + -212?
-583
In base 2, what is -10110010110 - -1?
-10110010101
In base 10, what is -894 - -33?
-861
In base 12, what is -37 + -561?
-598
In base 2, what is -1 + -1100011101?
-1100011110
In base 15, what is 4 - 2e09e?
-2e09a
In base 3, what is 10 - -11002220212?
11002220222
In base 15, what is -3 + 753e?
753b
In base 16, what is 123be1 - -1?
123be2
In base 16, what is 3 - 208?
-205
In base 14, what is 2 + 2172c?
21730
In base 15, what is -ac - -23?
-89
In base 12, what is -104 - -a79?
975
In base 10, what is -4 - -3023?
3019
In base 10, what is 19633 - 2?
19631
In base 13, what is -c0 - -72?
-4b
In base 12, what is -a86 + 38?
-a4a
In base 2, what is 100 - 1111110100000000010?
-1111110011111111110
In base 2, what is -11001001010 + 10000?
-11000111010
In base 12, what is -2895a - 2?
-28960
In base 7, what is -5 + -26244?
-26252
In base 2, what is 110 - -11100000111001?
11100000111111
In base 15, what is -23 + 940?
91c
In base 6, what is -111 - -155025?
154514
In base 11, what is 5 + 527900?
527905
In base 11, what is -626a7 - 4?
-62700
In base 7, what is 43 - -213?
256
In base 8, what is -21 - -24306?
24265
In base 7, what is 144 - 11256?
-11112
In base 5, what is 13 - -3243342?
3243410
In base 16, what is -32 - -2b9?
287
In base 15, what is 390a - -1?
390b
In base 7, what is 3122 + -1?
3121
In base 4, what is 101131003 - -10?
101131013
In base 2, what is 1000 + -10010011111101110?
-10010011111100110
In base 12, what is 3565 + -2a?
3537
In base 15, what is -4 - 4ddb1?
-4ddb5
In base 9, what is 18 - 5808?
-5780
In base 4, what is 233 + 1310310?
1311203
In base 8, what is -2543 - 2?
-2545
In base 5, what is 114 - 2043?
-1424
In base 2, what is -10110 + 11110110011?
11110011101
In base 7, what is -2252 - -234?
-2015
In base 15, what is 2b - 2e06?
-2dca
In base 11, what is a63487 + -4?
a63483
In base 3, what is 1 + -20222112200?
-20222112122
In base 3, what is -100122 - -10210?
-12212
In base 3, what is -1121111 - 210101?
-2101212
In base 10, what is 97826 - -5?
97831
In base 13, what is -16 + -2198?
-21b1
In base 6, what is 32 + -330252?
-330220
In base 14, what is -62 - 8ab2?
-8b34
In base 2, what is 0 - 1111001111000000001?
-1111001111000000001
In base 5, what is 133 + 143402?
144040
In base 16, what is be9 - 8b?
b5e
In base 13, what is -30b - -192?
-149
In base 6, what is 115410 + -13?
115353
In base 7, what is -2635415 + -3?
-2635421
In base 4, what is 1131200 + 10102?
1201302
In base 7, what is 23224 - -134?
23361
In base 12, what is -21a8 - -1?
-21a7
In base 8, what is -41 - 647?
-710
In base 13, what is 337 + b?
345
In base 12, what is 198 + -1173?
-b97
In base 3, what is 11120220 - -10022?
11201012
In base 14, what is 34639 + -4?
34635
In base 2, what is -100001 + -100100000111000?
-100100001011001
In base 3, what is 110121 + 1211022?
2021220
In base 3, what is 22 + -22100000210?
-22100000111
In base 9, what is 17160 + -6?
17153
In base 4, what is 131030 + -12?
131012
In base 3, what is 12102120 + 1022201?
20202021
In base 9, what is 2 + -16251?
-16248
In base 15, what is 8e3 - 143?
7a0
In base 6, what is -3 + 1152420?
1152413
In base 15, what is -e5c66 - 2?
-e5c68
In base 2, what is -10101011011010 - 10?
-10101011011100
In base 2, what is 1010000011001011110 + -1?
1010000011001011101
In base 11, what is 5 - -15011?
15016
In base 16, what is 11 + 6fb8?
6fc9
In base 11, what is 23a4 + 18?
2411
In base 11, what is 1606 - -1448?
2a53
In base 12, what is 56a7 + 3?
56aa
In base 11, what is -9717 + 1?
-9716
In base 14, what is -1c5 + 35?
-190
In base 8, what is -41 - 5111?
-5152
In base 9, what is 224347 + 1?
224348
In base 14, what is -2632d - -2?
-2632b
In base 6, what is 1124452 - 4?
1124444
In base 3, what is 1200222022 + 12?
1200222111
In base 5, what is -21222022 + 2?
-21222020
In base 10, what is -4 - -16691?
16687
In base 9, what is 1 - -1117?
1118
In base 2, what is -100 - -1100100100010?
1100100011110
In base 14, what is 38 + -4290?
-4256
In base 14, what is 415 + -b4?
341
In base 15, what is 189a6 + 0?
189a6
In base 7, what is 623 - 4455?
-3532
In base 8, what is -2 + -111631?
-111633
In base 4, what is 23 + 31321?
32010
In base 9, what is -37 - -27011?
26863
In base 14, what is c - 61b82?
-61b74
In base 2, what is 1001111100 - 1100011101?
-10100001
In base 5, what is 3 + -31410322?
-31410314
In base 13, what is -840 - 4c1?
-1031
In base 5, what is 20040 + 1?
20041
In base 10, what is -230 - -1592?
1362
In base 9, what is -1780526 + -5?
-1780532
In base 4, what is -2213 - -21110?
12231
In base 7, what is 51540551 - -5?
51540556
In base 10, what is 8203 + -1?
8202
In base 2, what is 100001 - -10000110?
10100111
In base 7, what is -531 - 31?
-562
In base 5, what is -1 + -231122?
-231123
In base 16, what is -2 + 1c197?
1c195
In base 2, what is 10001 - 1010010010001?
-1010010000000
In base 13, what is 1 - -1b56a6?
1b56a7
In base 7, what is 1 + 2400425?
2400426
In base 16, what is -296e3 + 0?
-296e3
In base 10, what is -65 + 794?
729
In base 11, what is -81 - -2948?
2877
In base 4, what is -200 + -2211213?
-2212013
In base 14, what is 10ac1 + -3?
10abc
In base 9, what is 25 + -41012?
-40876
In base 12, what is -1332 - 84?
-13b6
In base 9, what is -116064 - -4?
-116060
In base 14, what is 0 + c1d8?
c1d8
In base 5, what is 123404 - 24?
123330
In base 13, what is -1bc + -100?
-2bc
In base 7, what is 24312 + 123?
24435
In base 5, what is -120 + -124?
-244
In base 2, what is 0 - 1110011100000?
-1110011100000
In base 10, what is 0 + -13510?
-13510
In base 12, what is 14 + -3a?
-26
In base 10, what is 152 - -1506?
1658
In base 10, what is 122 - 2560?
-2438
In base 3, what is 1010021202 - 10?
1010021122
In base 6, what is -5 - 103220?
-103225
In base 13, what is -53412b + 1?
-53412a
In base 15, what is be - 99d?
-8ce
In base 10, what is 7313 + 67?
7380
In base 3, what is 110122100100 + -12?
110122100011
In base 16, what is c27e7 - -1?
c27e8
In base 3, what is -10010 + -22102?
-102112
In base 3, what is -11122220 - -1?
-11122212
In base 5, what is 32 - 2221411?
-2221324
In base 12, what is -13714 + -30?
-13744
In base 12, what is 42440 - 5?
42437
In base 8, what is 11 - -152?
163
In base 7, what is -11166 - 15?
-11214
In base 16, what is 4c + 3db?
427
In base 12, what is -13 - 24367?
-2437a
In base 14, what is 4 + -310d4?
-310d0
In base 16, what is 0 + 1620f?
1620f
In base 9, what is -615857 + 1?
-615856
In base 15, what is -7b58b9 - -1?
-7b58b8
In base 7, what is -215463 + 15?
-215445
In base 13, what is -ca - 115a?
-1257
In base 9, what is -41 + 12444?
12403
In base 16, what is 29 - -1e76?
1e9f
In base 3, what is -1210 - -100112?
21202
In base 3, what is 20220 - -1020101?
1111021
In base 15, what is -35c95 - 3?
-35c98
In base 10, what is -36 + 780?
744
In base 9, what is -252 + 715?
453
In base 16, what is 0 + 4bab?
4bab
In base 11, what is -5 + -413124?
-413129
In base 12, what is -138 - -37?
-101
In base 14, what is 7655 + 97?
770c
In base 6, what is 2354 + -353?
2001
In base 13, what is 15792 + 2?
15794
In base 4, what is 122130322 - 0?
122130322
In base 3, what is 1011120 + 11001?
10